{"id":37,"date":"2012-01-18T10:11:27","date_gmt":"2012-01-18T10:11:27","guid":{"rendered":"http:\/\/wp2.serviceit.at\/?page_id=37"},"modified":"2018-03-06T07:38:17","modified_gmt":"2018-03-06T07:38:17","slug":"leistungen","status":"publish","type":"page","link":"http:\/\/www.shiatsu-kirchschlag.at\/?page_id=37","title":{"rendered":"Leistungen"},"content":{"rendered":"<p><strong>_________________________________________________________<\/strong><\/p>\n<h3><strong>Shiatsu<\/strong><\/h3>\n<ul>\n<li>unterst\u00fctzt <strong>Ver\u00e4nderungsprozesse<\/strong><\/li>\n<li>st\u00e4rkt die <strong>Selbstheilungskr\u00e4fte<\/strong> des eigenen K\u00f6rpers<\/li>\n<li>f\u00f6rdert die <strong>K\u00f6rperwahrnehmung<\/strong><\/li>\n<\/ul>\n<p>Eine Shiatsubehandlung dauert ca. 60 Minuten und kostet \u20ac 50,&#8211; inkl. Vorgespr\u00e4ch.<a href=\"http:\/\/wp2.serviceit.at\/wp-content\/uploads\/2012\/01\/Pic-002.jpg\"><img decoding=\"async\" loading=\"lazy\" class=\"alignright size-thumbnail wp-image-156\" title=\"Pic 002\" src=\"http:\/\/wp2.serviceit.at\/wp-content\/uploads\/2012\/01\/Pic-002-150x150.jpg\" alt=\"\" width=\"150\" height=\"150\" \/><\/a><\/p>\n<p>Bitte kommen sie in bequemer Trainingsbekleidung (elastischer Hose, T-Shirt oder Sweater, Socken).<br \/>\nDie Shiatsubehandlung ersetzt jedoch keinen Arztbesuch! <a href=\"http:\/\/wp2.serviceit.at\/wp-content\/uploads\/2012\/01\/Pic-002.jpg\"><\/a><\/p>\n<p><strong><em>Mein pers\u00f6nliches Shiatsu ist, sich hinein zu f\u00fchlen und wahrzunehmen und zu sp\u00fcren, was mir der K\u00f6rper ganz ohne Worte erz\u00e4hlt.<\/em><\/strong><\/p>\n<p><strong>Shiatsu hilft zum Beispiel bei<\/strong><\/p>\n<ul>\n<li>Verspannungen<\/li>\n<li>R\u00fcckenschmerzen<\/li>\n<li>Stress und Nervosit\u00e4t<\/li>\n<li>Schlafst\u00f6rungen<\/li>\n<li>Energielosigkeit<\/li>\n<li>M\u00fcdigkeit<\/li>\n<li>Kopfschmerzen<\/li>\n<li>Verdauungsprobleme<\/li>\n<li>Menstruationsbeschwerden und gyn\u00e4kologische Probleme<\/li>\n<li>Schwangerschaftsbegleitungen<\/li>\n<li>Konzentrationsschwierigkeiten von Kindern<\/li>\n<\/ul>\n<p><strong>_________________________________________________________<\/strong><\/p>\n<h3><strong>Aloe Vera<\/strong><\/h3>\n<p>Beratung, Bestellung und Verkauf bei Verena Schwarz: Tel. 0680 3031343<\/p>\n","protected":false},"excerpt":{"rendered":"<p>_________________________________________________________ Shiatsu unterst\u00fctzt Ver\u00e4nderungsprozesse st\u00e4rkt die Selbstheilungskr\u00e4fte des eigenen K\u00f6rpers f\u00f6rdert die K\u00f6rperwahrnehmung Eine Shiatsubehandlung dauert ca. 60 Minuten und kostet \u20ac 50,&#8211; inkl. Vorgespr\u00e4ch. Bitte kommen sie in bequemer Trainingsbekleidung (elastischer Hose, T-Shirt oder Sweater, Socken). Die Shiatsubehandlung ersetzt &hellip; <a href=\"http:\/\/www.shiatsu-kirchschlag.at\/?page_id=37\">Weiterlesen <span class=\"meta-nav\">&rarr;<\/span><\/a><\/p>\n","protected":false},"author":1,"featured_media":0,"parent":0,"menu_order":3,"comment_status":"closed","ping_status":"closed","template":"","meta":{"footnotes":""},"_links":{"self":[{"href":"http:\/\/www.shiatsu-kirchschlag.at\/index.php?rest_route=\/wp\/v2\/pages\/37"}],"collection":[{"href":"http:\/\/www.shiatsu-kirchschlag.at\/index.php?rest_route=\/wp\/v2\/pages"}],"about":[{"href":"http:\/\/www.shiatsu-kirchschlag.at\/index.php?rest_route=\/wp\/v2\/types\/page"}],"author":[{"embeddable":true,"href":"http:\/\/www.shiatsu-kirchschlag.at\/index.php?rest_route=\/wp\/v2\/users\/1"}],"replies":[{"embeddable":true,"href":"http:\/\/www.shiatsu-kirchschlag.at\/index.php?rest_route=%2Fwp%2Fv2%2Fcomments&post=37"}],"version-history":[{"count":2,"href":"http:\/\/www.shiatsu-kirchschlag.at\/index.php?rest_route=\/wp\/v2\/pages\/37\/revisions"}],"predecessor-version":[{"id":39,"href":"http:\/\/www.shiatsu-kirchschlag.at\/index.php?rest_route=\/wp\/v2\/pages\/37\/revisions\/39"}],"wp:attachment":[{"href":"http:\/\/www.shiatsu-kirchschlag.at\/index.php?rest_route=%2Fwp%2Fv2%2Fmedia&parent=37"}],"curies":[{"name":"wp","href":"https:\/\/api.w.org\/{rel}","templated":true}]}}